{"id":350,"date":"2025-09-16T16:46:49","date_gmt":"2025-09-16T16:46:49","guid":{"rendered":"http:\/\/www.ariswears.com\/?page_id=350"},"modified":"2025-09-16T16:48:00","modified_gmt":"2025-09-16T16:48:00","slug":"cerez-politikasi","status":"publish","type":"page","link":"https:\/\/www.ariswears.com\/index.php\/cerez-politikasi\/","title":{"rendered":"\u00c7erez Politikas\u0131"},"content":{"rendered":"\t\t<div data-elementor-type=\"wp-page\" data-elementor-id=\"350\" class=\"elementor elementor-350\" data-elementor-settings=\"{&quot;ha_cmc_init_switcher&quot;:&quot;no&quot;}\">\n\t\t\t\t<div class=\"elementor-element elementor-element-accdf83 e-flex e-con-boxed wpr-particle-no wpr-jarallax-no wpr-parallax-no wpr-sticky-section-no wpr-equal-height-no e-con e-parent\" data-id=\"accdf83\" data-element_type=\"container\" data-e-type=\"container\" data-settings=\"{&quot;_ha_eqh_enable&quot;:false}\">\n\t\t\t\t\t<div class=\"e-con-inner\">\n\t\t\t\t<div class=\"elementor-element elementor-element-fdcad8d elementor-widget elementor-widget-heading\" data-id=\"fdcad8d\" data-element_type=\"widget\" data-e-type=\"widget\" data-widget_type=\"heading.default\">\n\t\t\t\t\t<h2 class=\"elementor-heading-title elementor-size-default\">\u00c7erez Politikas\u0131<\/h2>\t\t\t\t<\/div>\n\t\t\t\t\t<\/div>\n\t\t\t\t<\/div>\n\t\t<div class=\"elementor-element elementor-element-082d0fa e-flex e-con-boxed wpr-particle-no wpr-jarallax-no wpr-parallax-no wpr-sticky-section-no wpr-equal-height-no e-con e-parent\" data-id=\"082d0fa\" data-element_type=\"container\" data-e-type=\"container\" data-settings=\"{&quot;_ha_eqh_enable&quot;:false}\">\n\t\t\t\t\t<div class=\"e-con-inner\">\n\t\t\t\t<div class=\"elementor-element elementor-element-f4f3c26 elementor-widget elementor-widget-text-editor\" data-id=\"f4f3c26\" data-element_type=\"widget\" data-e-type=\"widget\" data-widget_type=\"text-editor.default\">\n\t\t\t\t\t\t\t\t\t<p data-start=\"3179\" data-end=\"3278\"><strong data-start=\"3179\" data-end=\"3196\">\u00c7erez T\u00fcrleri<\/strong><br data-start=\"3196\" data-end=\"3199\" \/>Zorunlu \u00e7erezler, performans \u00e7erezleri ve pazarlama \u00e7erezleri kullan\u0131lmaktad\u0131r.<\/p><p data-start=\"3280\" data-end=\"3415\"><strong data-start=\"3280\" data-end=\"3301\">Kullan\u0131m Ama\u00e7lar\u0131<\/strong><br data-start=\"3301\" data-end=\"3304\" \/>Site performans\u0131n\u0131 art\u0131rmak, kullan\u0131c\u0131 deneyimini geli\u015ftirmek ve reklam hedefleme amac\u0131yla \u00e7erezler kullan\u0131l\u0131r.<\/p><p data-start=\"3417\" data-end=\"3556\"><strong data-start=\"3417\" data-end=\"3425\">R\u0131za<\/strong><br data-start=\"3425\" data-end=\"3428\" \/>Siteye giri\u015f yaparak \u00e7erez kullan\u0131m\u0131n\u0131 kabul etmi\u015f say\u0131l\u0131rs\u0131n\u0131z. \u00c7erezleri reddetmek i\u00e7in taray\u0131c\u0131 ayarlar\u0131n\u0131 kullanabilirsiniz.<\/p><p data-start=\"3558\" data-end=\"3690\"><strong data-start=\"3558\" data-end=\"3576\">\u00c7erez Y\u00f6netimi<\/strong><br data-start=\"3576\" data-end=\"3579\" \/>Taray\u0131c\u0131 ayarlar\u0131ndan \u00e7erezleri engelleyebilir veya silebilirsiniz. Ancak baz\u0131 site \u00f6zellikleri \u00e7al\u0131\u015fmayabilir.<\/p>\t\t\t\t\t\t\t\t<\/div>\n\t\t\t\t\t<\/div>\n\t\t\t\t<\/div>\n\t\t\t\t<\/div>\n\t\t","protected":false},"excerpt":{"rendered":"<p>\u00c7erez Politikas\u0131 \u00c7erez T\u00fcrleriZorunlu \u00e7erezler, performans \u00e7erezleri ve pazarlama \u00e7erezleri kullan\u0131lmaktad\u0131r. Kullan\u0131m Ama\u00e7lar\u0131Site performans\u0131n\u0131 art\u0131rmak, kullan\u0131c\u0131 deneyimini geli\u015ftirmek ve reklam hedefleme amac\u0131yla \u00e7erezler kullan\u0131l\u0131r. R\u0131zaSiteye giri\u015f yaparak \u00e7erez kullan\u0131m\u0131n\u0131 kabul etmi\u015f say\u0131l\u0131rs\u0131n\u0131z. \u00c7erezleri reddetmek i\u00e7in taray\u0131c\u0131 ayarlar\u0131n\u0131 kullanabilirsiniz. \u00c7erez Y\u00f6netimiTaray\u0131c\u0131 ayarlar\u0131ndan \u00e7erezleri engelleyebilir veya silebilirsiniz. Ancak baz\u0131 site \u00f6zellikleri \u00e7al\u0131\u015fmayabilir.<\/p>\n","protected":false},"author":1,"featured_media":0,"parent":0,"menu_order":0,"comment_status":"closed","ping_status":"closed","template":"elementor_header_footer","meta":{"site-sidebar-layout":"no-sidebar","site-content-layout":"","ast-site-content-layout":"full-width-container","site-content-style":"default","site-sidebar-style":"default","ast-global-header-display":"","ast-banner-title-visibility":"","ast-main-header-display":"","ast-hfb-above-header-display":"","ast-hfb-below-header-display":"","ast-hfb-mobile-header-display":"","site-post-title":"","ast-breadcrumbs-content":"","ast-featured-img":"disabled","footer-sml-layout":"","ast-disable-related-posts":"","theme-transparent-header-meta":"","adv-header-id-meta":"","stick-header-meta":"","header-above-stick-meta":"","header-main-stick-meta":"","header-below-stick-meta":"","astra-migrate-meta-layouts":"default","ast-page-background-enabled":"default","ast-page-background-meta":{"desktop":{"background-color":"var(--ast-global-color-5)","background-image":"","background-repeat":"repeat","background-position":"center center","background-size":"auto","background-attachment":"scroll","background-type":"","background-media":"","overlay-type":"","overlay-color":"","overlay-opacity":"","overlay-gradient":""},"tablet":{"background-color":"","background-image":"","background-repeat":"repeat","background-position":"center center","background-size":"auto","background-attachment":"scroll","background-type":"","background-media":"","overlay-type":"","overlay-color":"","overlay-opacity":"","overlay-gradient":""},"mobile":{"background-color":"","background-image":"","background-repeat":"repeat","background-position":"center center","background-size":"auto","background-attachment":"scroll","background-type":"","background-media":"","overlay-type":"","overlay-color":"","overlay-opacity":"","overlay-gradient":""}},"ast-content-background-meta":{"desktop":{"background-color":"var(--ast-global-color-4)","background-image":"","background-repeat":"repeat","background-position":"center center","background-size":"auto","background-attachment":"scroll","background-type":"","background-media":"","overlay-type":"","overlay-color":"","overlay-opacity":"","overlay-gradient":""},"tablet":{"background-color":"var(--ast-global-color-4)","background-image":"","background-repeat":"repeat","background-position":"center center","background-size":"auto","background-attachment":"scroll","background-type":"","background-media":"","overlay-type":"","overlay-color":"","overlay-opacity":"","overlay-gradient":""},"mobile":{"background-color":"var(--ast-global-color-4)","background-image":"","background-repeat":"repeat","background-position":"center center","background-size":"auto","background-attachment":"scroll","background-type":"","background-media":"","overlay-type":"","overlay-color":"","overlay-opacity":"","overlay-gradient":""}},"footnotes":""},"class_list":["post-350","page","type-page","status-publish","hentry"],"_links":{"self":[{"href":"https:\/\/www.ariswears.com\/index.php\/wp-json\/wp\/v2\/pages\/350","targetHints":{"allow":["GET"]}}],"collection":[{"href":"https:\/\/www.ariswears.com\/index.php\/wp-json\/wp\/v2\/pages"}],"about":[{"href":"https:\/\/www.ariswears.com\/index.php\/wp-json\/wp\/v2\/types\/page"}],"author":[{"embeddable":true,"href":"https:\/\/www.ariswears.com\/index.php\/wp-json\/wp\/v2\/users\/1"}],"replies":[{"embeddable":true,"href":"https:\/\/www.ariswears.com\/index.php\/wp-json\/wp\/v2\/comments?post=350"}],"version-history":[{"count":4,"href":"https:\/\/www.ariswears.com\/index.php\/wp-json\/wp\/v2\/pages\/350\/revisions"}],"predecessor-version":[{"id":354,"href":"https:\/\/www.ariswears.com\/index.php\/wp-json\/wp\/v2\/pages\/350\/revisions\/354"}],"wp:attachment":[{"href":"https:\/\/www.ariswears.com\/index.php\/wp-json\/wp\/v2\/media?parent=350"}],"curies":[{"name":"wp","href":"https:\/\/api.w.org\/{rel}","templated":true}]}}